6. Let v(o) = 7*o**2 - 13*o - 26. Let y be v(c). Suppose -2*t + 2*s = 4*s - 4678, -s = 2*t - y. Is t prime?
False
Let q be ((-22)/7 - -2)*(-56)/16. Let t = q - -18. Let w(a) = 24*a + 9. Is w(t) a prime number?
False
Is ((-1144227)/(-28) - 2)/(13/52) composite?
True
Let l(m) be the second derivative of -397*m**3/6 + 3*m**2 + 160*m. Is l(-4) a prime number?
False
Let w(d) = 3*d - 95. Let s be w(33). Suppose -5*y + 4445 = s*g, -873 = -y - 2*g - 2*g. Is y composite?
True
Let r = 271 - 279. Is -2*8699/r*4 a composite number?
False
Is (-12)/30 + 2017173/95 a composite number?
True
Let b = -193 - 857. Let w = -583 - b. Suppose w = -8*v + 9275. Is v composite?
True
Let f be (-8332)/6*(-1 - (8 + 3)). Let a = f + -8671. Is a a composite number?
False
Let d(y) = 614*y**2 - 17*y + 96. Is d(14) a prime number?
False
Suppose 4*h - 334840 = -4*m + 8*h, -5*m + 418540 = -3*h. Is m a prime number?
False
Let k = 46966 + -30471. Is k prime?
False
Let i be 13/((-182)/105)*5708/(-5). Suppose 9*y - 6*y = i. Is y a prime number?
False
Let c = -13340 - -37407. Is c a prime number?
False
Suppose -44*h = 29*h - 3858707. Is h prime?
True
Is (6 + -5537 + -10)*(-92)/12 composite?
True
Let o = 6847411 + -2819826. Is o prime?
False
Let k(w) = 2*w**3 + 15*w**2 - 85*w + 533. Is k(18) prime?
True
Let x = 233536 - -190941. Is x composite?
True
Suppose 6*u - 257029 = 46163. Suppose 17*y - 29*y + u = 0. Is y prime?
True
Let d(o) be the third derivative of 17*o**4/8 + 23*o**3/6 + 1217*o**2. Let r = 1 + 5. Is d(r) a composite number?
True
Let s = -662944 + 1040753. Is s composite?
False
Suppose 1000*g - 1488924 = 964*g. Is g a composite number?
True
Let j(s) = s**3 - 34*s**2 - 21*s - 47. Is j(50) a prime number?
True
Let y(u) = -2*u**3 + 18*u**2 + 5*u - 6. Let b be y(9). Is ((-12)/8)/(b/(-33332)) composite?
True
Let n be -3 + (-33 - 7569)/((-2)/6). Let r = n - 14986. Is r composite?
False
Let f(k) = 112*k**3 - 2*k**2 - 6*k + 12. Let v be f(2). Let b = v - 101. Is b a composite number?
False
Suppose 0 = 6*s + 9*s + 2*s - 3744811. Is s composite?
True
Let j(p) = 14*p**3 - 5*p**2 - 28*p - 27681. Let o(c) = -5*c**3 + 2*c**2 + 10*c + 9227. Let y(i) = -4*j(i) - 11*o(i). Is y(0) prime?
True
Suppose -374 + 106 = 2*w. Let y = w + 240. Is y a composite number?
True
Let a(j) be the third derivative of 8*j**5/15 + 3*j**4/8 + 2*j**3/3 + 2*j**2 + 245*j. Suppose 2*b + 0 = 6. Is a(b) a composite number?
True
Suppose -3*k - 5*d + 24 = 0, -2*k = -6*k + 4*d. Suppose 409 = l + 5*o, 6*l - k*o = 7*l - 401. Is l a composite number?
False
Let v be (4 + -7 - -3) + (37737 - 3). Suppose -v = 24*l - 30*l. Is l prime?
False
Suppose 0 = 7*d - 3*d - 20. Let l(c) = -3*c**2 + 16*c - 1. Let a be l(d). Is (177088/20)/(-8)*(-10)/a prime?
True
Let u(r) = r - 32. Let p be u(35). Suppose -2166 = -p*c - 5*j + 4256, 0 = 5*c - 3*j - 10760. Is c a composite number?
True
Let l(w) = w**3 + 50*w**2 - 15*w - 28. Let r be l(-21). Suppose 2*h = -z + 6526, -4*h + 4*z + r = -0*z. Is h a composite number?
True
Let h(f) = f**2 - 31*f - 51. Let l be (-1)/5 + 149*4/(-20). Let g be h(l). Suppose 0 = 5*t - 10584 + g. Is t composite?
True
Let u(t) be the first derivative of -53*t**2/2 + 41*t + 21. Is u(-12) a prime number?
True
Let h be (2/(-5))/((-5)/25). Suppose 2*x + 13 = p, -x = -h*p - 2*x + 1. Suppose -2*u - 169 = -0*q - 3*q, 197 = 4*q + p*u. Is q composite?
False
Let z(q) = 2*q - 5*q - 9*q - 10*q**2 + 2*q - 8 - q**3. Let k be z(-9). Is -3*k*20/(-15) prime?
False
Let f(l) = -4*l - 14. Let b be f(-8). Suppose t - 3*z + b = 2*t, 2*t - 26 = -4*z. Suppose 0*p = -t*p + 2607. Is p composite?
True
Let x(d) be the third derivative of 19*d**6/120 - d**5/60 + d**4/4 + d**3/6 + 8*d**2. Let t be x(-3). Is 17 + -14 - t*2 prime?
False
Suppose 0 = -7*t + a + 3276198, -2*t - a + 500601 + 435462 = 0. Is t composite?
False
Let c = -227791 - -399524. Is c a prime number?
True
Suppose 8*p = 5*o + 4*p - 57, -2*o + 27 = -3*p. Let k be 6/(-9)*1 - (-42)/o. Suppose -7*f = -k*f - 1401. Is f prime?
True
Suppose 3*p - 4*l - 4616 = 0, -7690 = -5*p + l + 4*l. Let f = p + 2183. Is f composite?
False
Let j = 162986 - 98691. Suppose 0 = 34*h + h - j. Is h a prime number?
False
Suppose x - 59153 = -k, 12*x = 5*k + 10*x - 295751. Is k a prime number?
False
Let g = -16621 + 25010. Is g a prime number?
True
Let y be 2 + (-4 - -3 - -2). Let f(a) = 1397*a + 7. Let q be f(1). Suppose -2*u + q = 3*s - 5*u, y*s - 1414 = 5*u. Is s prime?
True
Suppose 0 = 6*s + 4*s + 260. Let n(o) = -o**3 - 18*o**2 - 47*o + 7. Is n(s) composite?
False
Is -1*(-2)/5 + 328/205 + 68181 a prime number?
False
Suppose 3163420 = 94*g - 453403 - 382971. Is g prime?
False
Let t be (-5)/(1614/(-402) + 4). Is t*(-7)/28*-4 prime?
False
Is 173771*(-4)/((-260)/265) a prime number?
False
Let g = 62349 + -41498. Is g composite?
True
Is 13436 - ((-7 - -9) + -7) a composite number?
False
Is (8/(-1) - 532/(-56))*(-428514)/(-9) a composite number?
False
Suppose -4*o - 363 = -3*v, 25*o = 3*v + 29*o - 387. Let f = 6106 - v. Is f composite?
False
Let j = 46653 + 47407. Suppose 11*r - j = -9*r. Is r composite?
False
Suppose -3855 = -13*z + 10*z. Suppose 6*y - 7*y + z = 0. Let m = -464 + y. Is m prime?
True
Let r = 24 - 25. Let n be (-701)/(-3) - (-5)/15 - r. Is n/(-20)*(1 - 29) prime?
False
Let p be (-69 - -31)/(-1 + 0 + 0). Suppose -p*j = -41*j + 9597. Is j a prime number?
False
Let d(z) = -z**3 + 31*z**2 + 63*z + 102. Let t be d(33). Suppose 3*f - t*k = 24792, 0 = -4*f + 3*f + 3*k + 8266. Is f a prime number?
True
Suppose 16365*t + 334148 = 16369*t. Is t a composite number?
False
Is 105321*-1*114/(-171) composite?
True
Let f(k) = -k**2 - 22*k + 4. Let h be f(-21). Suppose j + 0*j - 37 = -5*z, -2*z + h = -3*j. Is ((-5578)/z)/(6/(-24) - 0) a prime number?
True
Is 8/(-10)*-1*(-12291960)/(-96) prime?
True
Suppose 8*k + 12*k + 2100 = 0. Is 5036*(-2 - (3 - k/(-20))) composite?
False
Let m(r) = 43307*r**2 - 28*r - 34. Is m(5) composite?
True
Let z(y) be the first derivative of 226*y**3/3 + 4*y**2 + 17*y - 71. Is z(-5) a composite number?
True
Let z(a) = 4*a - a**3 + 4*a**2 - 10*a + 9 - 5*a**2 + 3*a**2. Let j be z(-7). Let m = 197 + j. Is m prime?
False
Suppose 4*l - 256 = 2*p - 5*p, -p = 0. Let g = l - 66. Is g/(-14) + 9342/21 a composite number?
True
Let o = -144629 - -412720. Is o a composite number?
False
Let t = 121780 - 44483. Is t composite?
True
Let w = 1056381 - 356264. Is w composite?
True
Let j = 89 - 82. Let z be 4/12 + -1 - (-4744)/6. Let s = j + z. Is s a prime number?
True
Let x(j) be the second derivative of j**4/4 + 5*j**3/6 + 25*j**2/2 - 82*j. Is x(-12) a prime number?
True
Suppose 224 = 5*w - 7*c + 9*c, 5*w - 212 = 4*c. Suppose -77778 = -w*t + 26*t. Is t composite?
True
Let s be 51/12 + 1/(-4). Suppose 2*r - 8 = 0, 4*k + s*r = 6*r + 30212. Is k composite?
True
Let a(b) = -b**3 - 8*b**2 + 24*b - 12. Let c(u) = u**2 + 5*u - 85. Let d be c(6). Is a(d) a prime number?
False
Let b(t) = 343015*t - 13842. Is b(5) prime?
True
Let a be 2/(-1) + 12593 + 44. Suppose -12*m + a = 3695. Is m a prime number?
False
Let g(q) = 3*q**2 - 24*q - 5. Let i be g(-22). Let k = i - -2416. Is k prime?
True
Suppose -13*s + 12 = -16*s, -3*p + 25874 = -5*s. Suppose -k + 2*k - 4*q = 4287, 2*k - p = -3*q. Is k composite?
True
Is (92398/(-4))/((-16)/(15 + 145)) prime?
False
Let u(x) = -x**3 - 5*x**2 - x - 5. Let v be u(-5). Suppose 5229 = 27*h - 6*h. Suppose -i + v*i - 5 = 0, -2*q + h = i. Is q a composite number?
False
Let i = 14178 - 4177. Is i a prime number?
False
Suppose 16 = 4*r + h, r + 16 = 5*r - 5*h. Suppose k = j - 2, -r*k - 7 = -j - 4*j. Let q(c) = 7*c**2 + 2*c. Is q(k) prime?
False
Let a = 60089 - -34584. Is a prime?
False
Let w be 4 - (1/(-3) + (-35)/(-15)). Suppose 3*l = 4*q - 3897, 0 = -5*l - w*q - 4205 - 2264. Let x = l - -2406. Is x a composite number?
True
Suppose 0 = 22*v - 352560 - 1360162. Is v composite?
True
Let u = -2120 - -5713. Is u a prime number?
True
Suppose -18 = 6*y - 6. Is (y - 3) + 1432 + -4 a prime number?
True
Let c(h) = -17*h**3 + h**2 - 5*h - 7. Let w be c(5). Let f be (-1 - -5)*((-6362)/(-8))/(-1). Let r = w - f. Is r prime?
True
Suppose 3*k = -7 + 16, 5*i + k = 228. Let q be 3 + i/10*2/(-3). Is (q - 1)/(5/(-12515)) a composite number?
False
Suppose -h + 89 = -2*y, -2*h = -4*h + 3*y + 178. Let r